33628 is divided by 439?
437
What is the remainder when 41394 is divided by 212?
54
Calculate the remainder when 59919 is divided by 142.
137
What is the remainder when 2298653 is divided by 164189?
7
Calculate the remainder when 31865524 is divided by 42830.
4
Calculate the remainder when 10113502 is divided by 68.
66
What is the remainder when 1715837 is divided by 41?
28
Calculate the remainder when 1701193 is divided by 439.
68
Calculate the remainder when 1171647 is divided by 46861.
122
Calculate the remainder when 7285956 is divided by 1821489.
0
Calculate the remainder when 10575671 is divided by 466.
267
Calculate the remainder when 68372 is divided by 2545.
2202
Calculate the remainder when 1289986 is divided by 5946.
5650
What is the remainder when 5230041 is divided by 911?
901
What is the remainder when 4337603 is divided by 18695?
363
What is the remainder when 4737476 is divided by 1110?
1106
Calculate the remainder when 137024 is divided by 8558.
96
Calculate the remainder when 47157191 is divided by 72.
71
What is the remainder when 46136295 is divided by 564?
531
Calculate the remainder when 2856181 is divided by 3689.
895
What is the remainder when 6510464 is divided by 633?
59
Calculate the remainder when 76000 is divided by 650.
600
Calculate the remainder when 247098 is divided by 1789.
216
What is the remainder when 47894420 is divided by 198?
2
Calculate the remainder when 551819 is divided by 10031.
114
Calculate the remainder when 39301 is divided by 707.
416
Calculate the remainder when 668246 is divided by 44379.
2561
Calculate the remainder when 6175192 is divided by 6066.
4
Calculate the remainder when 28594 is divided by 1052.
190
Calculate the remainder when 768969 is divided by 9929.
4436
What is the remainder when 1498866 is divided by 3265?
231
What is the remainder when 6532670 is divided by 1648?
1646
Calculate the remainder when 2466117 is divided by 530.
27
Calculate the remainder when 3000992 is divided by 579.
35
Calculate the remainder when 28879 is divided by 3497.
903
Calculate the remainder when 375619 is divided by 1128.
1123
Calculate the remainder when 86576 is divided by 28613.
737
What is the remainder when 32155326 is divided by 109?
108
Calculate the remainder when 55846 is divided by 3044.
1054
What is the remainder when 40743181 is divided by 1299?
46
What is the remainder when 251974 is divided by 185?
4
Calculate the remainder when 3062548 is divided by 425.
423
Calculate the remainder when 334129 is divided by 27368.
5713
What is the remainder when 775610 is divided by 744?
362
Calculate the remainder when 887821 is divided by 236.
225
Calculate the remainder when 69277 is divided by 5.
2
What is the remainder when 25656 is divided by 234?
150
Calculate the remainder when 1724438 is divided by 611.
196
Calculate the remainder when 2922 is divided by 1953.
969
Calculate the remainder when 6285454 is divided by 77.
21
What is the remainder when 590089 is divided by 196630?
199
Calculate the remainder when 12017015 is divided by 72.
71
Calculate the remainder when 15113458 is divided by 426.
256
What is the remainder when 98831 is divided by 32923?
62
Calculate the remainder when 158685645 is divided by 50.
45
What is the remainder when 108813 is divided by 130?
3
Calculate the remainder when 1741390 is divided by 435158.
758
Calculate the remainder when 141690 is divided by 42.
24
What is the remainder when 41505845 is divided by 2121?
2117
Calculate the remainder when 3025794 is divided by 195.
174
Calculate the remainder when 219336 is divided by 36528.
168
What is the remainder when 589334 is divided by 58926?
74
What is the remainder when 25546239 is divided by 2720?
2719
What is the remainder when 254145 is divided by 1436?
1409
Calculate the remainder when 930097 is divided by 9208.
89
What is the remainder when 1279402 is divided by 3083?
3040
What is the remainder when 18473012 is divided by 18473012?
0
What is the remainder when 879956 is divided by 78?
38
Calculate the remainder when 61393 is divided by 1401.
1150
Calculate the remainder when 10596033 is divided by 33.
30
What is the remainder when 48992142 is divided by 150?
42
What is the remainder when 1463993 is divided by 365670?
1313
What is the remainder when 804868946 is divided by 75?
71
Calculate the remainder when 14997111 is divided by 199.
73
Calculate the remainder when 51327 is divided by 10256.
47
Calculate the remainder when 839446 is divided by 346.
50
Calculate the remainder when 62412474 is divided by 100.
74
What is the remainder when 35849306 is divided by 37?
6
Calculate the remainder when 130356373 is divided by 31.
9
Calculate the remainder when 4925699 is divided by 16927.
16869
Calculate the remainder when 26761827 is divided by 2676181.
17
What is the remainder when 586863 is divided by 172?
171
What is the remainder when 17742899 is divided by 115?
9
What is the remainder when 3497608 is divided by 11978?
32
Calculate the remainder when 2722008 is divided by 819.
471
Calculate the remainder when 1255648 is divided by 761.
759
Calculate the remainder when 1651282 is divided by 56940.
22
What is the remainder when 47820 is divided by 318?
120
Calculate the remainder when 367937 is divided by 3530.
817
Calculate the remainder when 1804541 is divided by 15.
11
Calculate the remainder when 32973 is divided by 523.
24
What is the remainder when 909635 is divided by 1809?
1517
What is the remainder when 32103709 is divided by 165?
154
Calculate the remainder when 1265398 is divided by 52.
30
What is the remainder when 13526444 is divided by 827?
32
What is the remainder when 626868044 is divided by 171?
170
Calculate the remainder when 549046316 is divided by 2967.
2966
What is the remainder when 235459534 is divided by 39?
37
Calculate the remainder when 5273 is divided by 283.
179
Calculate the remainder when 7656204 is divided by 112.
108
Calculate the remainder when 4193397 is divided by 902.
901
What is the remainder when 6014517 is divided by 21?
12
What is the remainder when 1430610 is divided by 355?
315
Calculate the remainder when 6294184 is divided by 899164.
36
Calculate the remainder when 1173694 is divided by 586815.
64
Calculate the remainder when 126938 is divided by 716.
206
What is the remainder when 312652 is divided by 78144?
76
Calculate the remainder when 77637 is divided by 12891.
291
What is the remainder when 4264050 is divided by 440?
10
What is the remainder when 942357 is divided by 134580?
297
Calculate the remainder when 3088987 is divided by 104.
83
What is the remainder when 337501 is divided by 337496?
5
Calculate the remainder when 2361989 is divided by 787318.
35
Calculate the remainder when 100012 is divided by 7676.
224
What is the remainder when 74843 is divided by 1869?
83
Calculate the remainder when 76131351 is divided by 5185.
5181
What is the remainder when 906511 is divided by 185?
11
What is the remainder when 21650 is divided by 19070?
2580
Calculate the remainder when 3943103 is divided by 438122.
5
What is the remainder when 174503 is divided by 174469?
34
Calculate the remainder when 12640312 is divided by 4104.
4096
What is the remainder when 2187118 is divided by 284?
34
What is the remainder when 19091511 is divided by 20?
11
What is the remainder when 1806546 is divided by 184?
34
What is the remainder when 663985 is divided by 87?
1
What is the remainder when 10920 is divided by 8863?
2057
Calculate the remainder when 3562541 is divided by 8.
5
Calculate the remainder when 196903443 is divided by 562.
561
Calculate the remainder when 15159959 is divided by 31.
29
What is the remainder when 2788753 is divided by 53?
52
Calculate the remainder when 39249 is divided by 241.
207
Calculate the remainder when 116859 is divided by 103.
57
Calculate the remainder when 38393342 is divided by 335.
332
Calculate the remainder when 35657 is divided by 2499.
671
Calculate the remainder when 2669994 is divided by 768.
426
Calculate the remainder when 238237167 is divided by 5.
2
Calculate the remainder when 2864257 is divided by 17049.
25
Calculate the remainder when 52695616 is divided by 161.
155
What is the remainder when 10493170 is divided by 736?
18
What is 